 11*h - 17. What is the units digit of f(6)?
1
Let y = 5 + 39. What is the tens digit of y?
4
Suppose 14*f + 571 - 4827 = 0. What is the tens digit of f?
0
Suppose 5*y = -2*v + 7, 5*v + 85 - 35 = y. Let f = -4 - -6. What is the units digit of (-6)/f + 2 - v?
8
Let q(g) = -g**2 + 4*g + 3. Suppose -3*y + 4 = -8. What is the units digit of q(y)?
3
Suppose -d = 4*q - 74, 5*q + 3*d - 21 = 68. What is the units digit of q?
9
Suppose 4*h + 0*t = 2*t - 42, 5*t + 3 = h. Let c = 3 - h. What is the units digit of c?
5
Let t(o) = o - 3*o + 3*o + 0*o + 13. What is the units digit of t(0)?
3
Suppose -p = -5*p + 20. Suppose 0 = w + 2*v - 2 + 9, w = -p*v - 1. Let j = w + 17. What is the units digit of j?
6
Let g(w) = -w**3 - 3*w**2 - 3*w - 4. Let y be g(-3). Suppose -2*v = -3 - y. Let f = -3 + v. What is the units digit of f?
1
Let y = 38 - 17. What is the units digit of y?
1
Suppose 4*r - 10 = 2. Suppose 7 = -r*l + 46. What is the units digit of l?
3
Suppose -o + 2*t + 19 = 0, 68 = 4*o - 5*t + 7. What is the units digit of o?
9
Let t be (2/(-4) - -1)*-6. What is the units digit of (-3)/(-4)*(19 + t)?
2
Let y = 259 + -75. What is the hundreds digit of y?
1
Let i = -3168 - -1352. What is the tens digit of (-6)/(-10) - i/40?
4
Let c(l) be the second derivative of 2*l**4/3 + l**3/3 - l**2/2 + 3*l. What is the units digit of c(1)?
9
Let l(a) = a**2 - 3*a - 5. Let p be l(5). Suppose 0 = -2*c - 4*z - 8, -p*c + 11 = -4*z + 3. Suppose c*d + d = 14. What is the units digit of d?
4
Let x be (-1)/(-3) - (-33)/9. What is the tens digit of (-6)/(x/2) - -16?
1
Let d(t) = 16*t. Let r be d(1). Suppose 8 = -4*c - r. What is the units digit of c*-1*2/6?
2
Suppose n - 5*l - 51 = 0, 79 = 4*n - 3*l - 40. What is the tens digit of n?
2
Let o = -59 - -24. Let h = o - -76. What is the units digit of h?
1
Let i = 4 + -2. Let r be 2/(-2 + 0) - 5. Let d = i - r. What is the units digit of d?
8
Let a(s) = 3*s - 13. What is the tens digit of a(11)?
2
Suppose 4*q = 6*q - 4. Suppose 5*w = -5*u + 35, -q*u - 3*w = -0*w - 18. What is the units digit of u?
3
Suppose 3*x - 64 = x - 2*b, -5*b - 20 = -x. What is the tens digit of x?
3
Suppose -5*z = 4*d - 3, 6 = 8*z - 3*z + 3*d. Suppose 0 = -z*w - y + 23, -y - 3*y = -5*w + 27. What is the units digit of w?
7
Let d(k) = k - 5 - 6*k + 4*k. Let w(z) = 8*z + 1. Let x be w(-1). What is the units digit of d(x)?
2
Let p be 1/(-3) - (-4)/12. Suppose -1 = 3*n - v, v + 2*v - 10 = 2*n. Let g = n - p. What is the units digit of g?
1
Suppose -2*a - 29 = -4*g + a, 16 = 2*g - 2*a. Suppose -h + 4 = -g. What is the units digit of h?
9
Suppose -11*a + 10*a + 16 = 0. What is the tens digit of a?
1
Let q be 6/9 - (-2)/(-3). Suppose q = -4*l + 4 + 28. What is the units digit of l?
8
Suppose -r + 28 = 3*r + 4*z, -5*z = -3*r + 21. Let p(b) = 10*b - 2. Let h(k) = 3*k - 1. Let d(f) = r*h(f) - 2*p(f). What is the units digit of d(4)?
1
Suppose -n + 3*n - 52 = 0. Suppose 2*x - 134 + n = 0. What is the tens digit of x?
5
Let v = -8 + 62. What is the units digit of v?
4
Suppose 5*r + 4 = -6. Let m(q) = 2*q**2 - 3*q - 1. What is the units digit of m(r)?
3
Let k be 1/1*(0 + 3). Let h be (4/(-6))/(1/k). What is the units digit of (2 + h - -6)/1?
6
Let n(l) = -6*l + 8. What is the tens digit of n(-6)?
4
Suppose -5*f - 2*p + 7 = 0, 0 + 12 = -3*p. What is the units digit of f?
3
Suppose 60 = -0*d - 6*d. Let j = -31 + 53. Let m = j + d. What is the units digit of m?
2
Let q(y) = y**3 - 2*y**2 - 4*y + 3. What is the tens digit of q(4)?
1
Suppose -3*o + 5 - 2 = 0, c - 5*o = -34. Suppose -q - q - 19 = s, 0 = 4*s - 5*q + 63. Let v = s - c. What is the tens digit of v?
1
What is the tens digit of (58/6)/((21/(-18))/(-7))?
5
Suppose -5*u + 84 = -u + 3*z, -2*u + 3*z = -24. What is the tens digit of u?
1
Let k(o) be the first derivative of o**4/4 + 4*o**3/3 + o**2 - 2. Let h be k(-3). Suppose 2 = 5*x - h. What is the units digit of x?
1
Suppose 6*h - 4*h + 6 = 0, 29 = 5*m - 3*h. Let t be (2/(-4)*6)/(15/(-25)). Suppose m*v - 3 = t. What is the units digit of v?
2
Suppose -2*a + 3*a - 4*h - 63 = 0, 42 = a + 3*h. What is the tens digit of a?
5
Let f(i) = -i**3 - i**2 + i. Let m be f(0). What is the units digit of m + -1 + 18 + 4?
1
Let m = -134 - -382. What is the tens digit of m?
4
Let x(w) = -w**2 - 7*w + 3. Let u be x(-7). Suppose 0 = k + u*k - 4. What is the units digit of k?
1
Let r be (-2 + 1)*15/(-3). Suppose -r*q - 2*c - 3*c + 85 = 0, 4*q - 5*c = 59. What is the tens digit of q?
1
Let t(f) = f + 10. Let q be t(-5). Suppose 3*k = q*k - 46. What is the units digit of k?
3
Let z(w) = w**2 - 11*w - 18. What is the tens digit of z(19)?
3
Let o(s) = -s + 18. Let b = 35 - 53. What is the tens digit of o(b)?
3
Let p(h) = h**2 - 6*h + 4. Let l be p(5). Let q be (-8 + 0)*l/2. Suppose 0 = -q*n + 3*n + 2. What is the units digit of n?
2
Let p = 7 - -4. Let u(y) = y**2 - 8*y - 14. What is the tens digit of u(p)?
1
Let b = 1 + 6. Suppose 2*v + 4*c - 10 = 0, -3*v - 4*c + 28 = b. What is the tens digit of v?
1
Suppose r + 50 = -4*r. Let c = r - -47. What is the units digit of c?
7
What is the units digit of 2664/84 + (-2)/(-7)?
2
Let x(q) = -3*q - 36. What is the units digit of x(-15)?
9
Let g(a) = -2*a - 4. Let f be g(-4). Let o = f + -11. Let l = o - -19. What is the tens digit of l?
1
Let g(h) = 2*h**2 + 4*h - 3. What is the units digit of g(-6)?
5
Let k(b) be the first derivative of 3*b**2/2 - 1. What is the tens digit of k(6)?
1
Suppose -3*x - 6 = -0. Let w(m) = 8*m**2 - 4*m - 3. What is the tens digit of w(x)?
3
Let o be 7/14*(1 - -1). Let x be -4*(27/12)/o. Let i(h) = -h**3 - 8*h**2 + 9*h + 10. What is the units digit of i(x)?
0
Let s be -1*-7*(0 + -1). What is the tens digit of (-2)/s - 262/(-14)?
1
Let f(s) = s**3 + 18*s**2 - 4*s - 19. What is the tens digit of f(-18)?
5
Let h be 3/(-2*3/(-240)). Suppose h = 5*g + 5. What is the units digit of g?
3
What is the units digit of 10/3*63/6?
5
Let w(x) = x**2 + 6*x - 9. What is the tens digit of w(5)?
4
Let x be 10 - (-1 + (-6)/3). Let v = x - -35. Suppose v = c + 2*c. What is the tens digit of c?
1
Suppose 4*i = 3*j - i - 50, 3*j + 4*i = 41. Suppose 2*x = -0*x - 4. Let s = x + j. What is the tens digit of s?
1
Let q = 24 - 15. Let f(c) = 2*c - 1. Let v be f(7). Let j = v - q. What is the units digit of j?
4
Let b be 38 + (4 - 5) + 0. Suppose -c = 16 + 9. Let k = c + b. What is the tens digit of k?
1
Let q(z) = z**3 + 3*z**2 - 4*z. Let n be q(-4). Suppose -4*v = -n*v - 4. What is the units digit of v?
1
Let v(m) = 4*m**2 - m. Let z be v(1). Suppose 5*g - 89 = 2*q + q, -z*g + 67 = 5*q. What is the tens digit of g?
1
Let o be 4/(-2) + -6*1. Let t be (1 - 1) + (0 - -1). What is the units digit of (-58)/o - t/4?
7
Let t(l) = -4*l - 1. Let u be t(-4). Let n = u - 7. What is the units digit of n?
8
Suppose -o + 270 = 2*h - 5*o, 0 = 5*h - 3*o - 640. What is the hundreds digit of h?
1
Let l(s) = s**2 + 21. Let q be l(0). Suppose 3*d = 33 + q. Suppose -3*i + 2*a = -a - 6, -5*i + d = -3*a. What is the units digit of i?
6
Let v be 50/(-6) - (-2)/6. Let o be (-10)/v + 1/(-4). Let w(a) = a**3 - a**2 + 2*a - 1. What is the units digit of w(o)?
1
Let w(v) be the second derivative of -v**3/6 + 5*v**2/2 - 2*v. Let f be w(4). Let a = 4 + f. What is the units digit of a?
5
Suppose 5*z - f = 26, -12 - 13 = -4*z + 5*f. Suppose -d = -3*q + 2, 2*d + 3*q - 8 = 6. Suppose 0 = -z*g + 5, 2*g = -d*y + 6. What is the units digit of y?
1
Let g = 53 - -2. What is the units digit of g?
5
Let q(t) = t + 8. Let m be q(-6). Suppose -x - m*x = -27. What is the units digit of x?
9
Let u(k) = -k**3 + 3*k**2 + 3*k - 2. Let p be u(4). Let w(t) = -t**3 - 5*t**2 + 6*t + 2. Let o be w(p). Suppose 0 = -m + o*m - 6. What is the units digit of m?
6
Let a(q) = q - 12. Let t be a(10). What is the units digit of 1/t - (-7)/2?
3
Suppose -5*l = -10*l. Suppose 2*t + 8 = -l*t. Let z = t + 7. What is the units digit of z?
3
Suppose -6*c = c - 259. What is the tens digit of c?
3
What is the units digit of 6/4*402/9?
7
Suppose 6 = -2*z + 3*s + 46, 95 = 5*z - 5*s. Let h = z - 12. What is the units digit of h?
5
Suppose -h - 4*f + 20 = f, 2*h - 4 = 2*f. Suppose -h*b + 65 + 85 = 0. What is the tens digit of b?
3
Let f = 4 - 0. Suppose f*l - 3*l = 8. What is the units digit of l?
8
Let k(s) = -4*s + 1